composite?
False
Let i(y) = -1790*y - 9. Let h = -172 - -116. Let o = 55 + h. Is i(o) a prime number?
False
Suppose 8*k - 11*k + 9 = 0. Suppose k*w + 124 = -v, -3*w - 3*v - 46 = 74. Is 12/w - 14858/(-14) prime?
True
Suppose -12*k + 8850 = -13*k. Let o = k - -15079. Is o a prime number?
True
Suppose 4*i - 31 = -2*m - 13, 0 = -3*m - 3. Suppose -f = -5*g - 0*g + 6452, i*g - 6440 = 5*f. Let r = g - 798. Is r prime?
False
Let a = 126485 - 266351. Is (-3)/2 - (a/12 - 3) composite?
False
Suppose -14*o - 23 = -13*o + 5*r, 4*o - 4*r - 28 = 0. Suppose 0 = 5*n + 5*z - 2260, 0 = 5*n - z + o*z - 2240. Is n prime?
False
Let r(f) = 4*f + 24. Let t be r(-10). Let w(i) = -120*i + 35*i - 3 + 1 + 3. Is w(t) composite?
False
Let i(p) = -17*p**3 + 4*p**2 - 3*p + 4. Let s be i(-5). Let b = s - -89. Suppose -5*j + 562 = n, -j - b = -4*n - 4*j. Is n prime?
True
Suppose 0 = -2*v - 2*v + 3*k + 206, 3*v - 3*k = 156. Let w be v/13 - 4*(-3)/78. Suppose -12 = -3*n, g + 90 = w*n + 703. Is g composite?
True
Let q(b) be the second derivative of 235*b**4/12 + 2*b**3/3 - 4*b**2 + b - 5. Is q(-3) composite?
True
Let j(o) be the third derivative of 5927*o**5/60 - o**3/6 + 15*o**2. Let x be j(1). Is 2/((-17774)/x - -3) composite?
False
Let g be 20/6 - 8/(-12). Suppose 5*r + g*q - 48045 = 0, r - 4*q = -0*q + 9633. Is r a prime number?
True
Let x = -434 + 426. Let y(l) = -898*l - 285. Is y(x) composite?
False
Let u(x) be the first derivative of 55*x**3/3 + 4*x**2 + 2*x + 2. Let h(r) = 7*r**2 - 31*r + 9. Let f be h(4). Is u(f) composite?
True
Is (3 - (-111)/(-39)) + 7140825/65 composite?
False
Let p(q) = 276*q**2 + 11*q + 11. Let y be p(-1). Let z = 4913 - y. Is z a composite number?
False
Is 5350184/(-84)*(-3)/2 a prime number?
True
Let w(s) = 70*s**2 - 17*s + 949. Is w(-34) a composite number?
True
Let y(w) = 4*w**2 + 19*w - 1. Let v(u) = 4*u**2 + 19*u - 2. Let a(c) = -7*v(c) + 6*y(c). Let x(l) be the first derivative of a(l). Is x(-7) prime?
True
Let i(u) = 2*u**2 + 0*u**2 - 13 - 6 + 4*u. Suppose -2*s = -4*c + 44, 4*c + 3 - 43 = s. Is i(c) a composite number?
False
Let r(c) = 2*c + 89. Suppose -26*h + 28*h = 108. Let k = h - 27. Is r(k) prime?
False
Let h = 2 + 3. Let u(j) = 325*j**2 + 27*j + 5. Let r(x) = 65*x**2 + 5*x + 1. Let g(s) = 11*r(s) - 2*u(s). Is g(h) a composite number?
True
Let z(u) = u**3 - 6*u**2 - 5*u - 2. Let v be z(7). Let x be v/15*(-830)/4. Let k = 975 + x. Is k prime?
True
Is (-385647*(-5)/30)/(7 + (-91)/14) a composite number?
False
Suppose -l + a + 652147 + 191155 = 0, 4*a = 36. Is l composite?
True
Let f(a) = 37*a**2 - 3655*a + 59. Is f(103) a composite number?
False
Suppose -17*q + 1734987 = -1325608. Is q prime?
False
Suppose 2*x + 4*b - 18314 = 0, 2*x - 3*b - 18293 = -0*x. Is x a composite number?
False
Suppose 170*u = -56*u + 7474046. Is u prime?
True
Let o be (5 + 246/(-42))/(2/(-70)). Suppose 5*j - 2 = -h + 4, -4*j = -h - o. Is ((-1117)/2)/(1 - (-21)/h) a prime number?
True
Let z(y) = 50*y + 40*y - 27 - 8. Suppose 15 = 22*k - 21*k. Is z(k) prime?
False
Let p(m) = m**3 + 11*m**2 + 28*m - 4. Let v be p(-6). Suppose -v*w + 63090 = -119366. Is w a composite number?
False
Let d be -5 + (11 - 6 - -3) - 3. Suppose -3*g + 6515 = 4*f, -4*f - g + 4352 + 2169 = d. Is f a prime number?
False
Suppose -4*z - s = -49, 49*z - 3*s - 74 = 44*z. Let c(j) = 118*j**2 - 10*j - 1. Is c(z) a prime number?
False
Let m = 26852 + -9129. Is m a prime number?
False
Let p(l) = l**2 + 10*l + 8. Let m(h) = -4*h - 33. Let w be m(-12). Let q be p(w). Let y = q + -225. Is y a composite number?
True
Let p(v) = -714*v + 2071. Is p(-40) a composite number?
False
Let s(f) = 6419*f**3 - 11*f**2 + 5*f + 20. Is s(3) composite?
False
Let q = 152 - -472. Let i = q - 229. Is i composite?
True
Let w(l) = -l**2 + 27*l + 64. Let y(k) = -7*k - 27. Let g be y(-8). Let v be w(g). Let s(h) = 18*h**2 - 12*h + 55. Is s(v) a prime number?
True
Suppose 5*m + 860229 = 4*q, -m + 69842 = -q + 284898. Is q composite?
False
Let c(t) = -t**3 + 12*t**2 - 12*t + 16. Let l be c(11). Suppose l*j - 3*f = 10376, -5*j + 8298 = -j - f. Suppose 0 = -2*s + j - 240. Is s a composite number?
True
Let z(i) = 417719*i**3 + i**2 - 18*i + 19. Is z(1) composite?
False
Let s(d) = -40338*d + 1397. Is s(-3) composite?
True
Let o(u) = 1306*u**2 + 360*u + 3457. Is o(-10) composite?
False
Let l(y) = 30*y**2 + 6*y - 163. Is l(-63) prime?
True
Let p(u) be the first derivative of u**3 + 3*u**2/2 + 10*u - 1. Suppose 62*w = 57*w + 2*l - 18, -4*w + 2*l - 14 = 0. Is p(w) prime?
False
Let q be 1 - (-21 + (1 - -1)). Let u = 101 - q. Let j = u + 6. Is j composite?
True
Let x(f) be the third derivative of f**7/360 + f**6/144 - f**5/120 - 19*f**4/24 - 2*f**2. Let a(h) be the second derivative of x(h). Is a(-7) prime?
True
Is (207/9 + -94174)/((1/1)/(-1)) a composite number?
False
Let z(l) be the first derivative of 788*l**3/3 + 5*l**2/2 + l - 14. Let j be z(-1). Let h = j + 393. Is h a composite number?
True
Let q = 24382 + 71877. Is q a composite number?
False
Suppose 0 = 2*i - 2*s - 432002, -s = 2*i + 21630 - 453617. Is (i/88)/(-1 - 3/(-2)) a prime number?
True
Let o = -882 - -624. Let g = o + 1629. Is g prime?
False
Suppose -2 = 3*q - 4*q. Let v be (8 - 2)/(9/3330). Suppose q*f - 2226 = -2*y, 3*f - 5*f - 5*y = -v. Is f composite?
True
Let z(n) = 7*n**2 + 4*n + 6. Let o(b) = 2*b**2 - 7*b - 7. Let c be o(5). Suppose d = 2*w - 12, -3*w - d = -w - c. Is z(w) composite?
True
Let z be -2*3 + (-3 - (-996 + 6)). Suppose -2927 = -3*a + 5*j, -3*a - j = -2*a - z. Is a a composite number?
True
Let a(c) = -4401*c + 2690. Is a(-11) a composite number?
True
Suppose 0 = s + 4*u - 29 + 7, s + 3*u = 19. Let w be s/((-3)/(-3) - 0). Suppose -659 - 971 = -w*d. Is d a prime number?
True
Let b(l) = -4073*l + 6136. Is b(-17) a composite number?
False
Let w = 182 + 5083. Suppose 0*g + 1320 = i + 5*g, 4*i = -5*g + w. Is i prime?
False
Suppose 3*j - 131363 = -n, 2*n + 4*j - 93744 = 168988. Suppose 0 = 4*l - n - 2816. Is l composite?
False
Let y(v) be the third derivative of 835*v**4/24 - v**3 + 42*v**2. Is y(5) a prime number?
False
Let v(r) = 593*r**2 - 120*r - 2534. Is v(-45) composite?
False
Let j(f) = 3*f**2 - 12*f + 10. Let y be j(16). Let c = y - 329. Is c a composite number?
False
Let d(j) be the first derivative of 181*j**4/24 + 5*j**3/3 + 11*j**2/2 - 9. Let g(r) be the second derivative of d(r). Is g(3) a prime number?
False
Let q = -69 - -66. Is q + -10 + 5 - -1065 prime?
False
Suppose 2*l + 2*l + 4*a + 197264 = 0, 0 = -4*l - 5*a - 197266. Let c = l + 70307. Is c a composite number?
True
Suppose 3096*c - 3027*c = 16362453. Is c composite?
False
Let n(i) = 7*i - 7. Let t be n(1). Suppose -2*c + 3*o + 5483 = t, c + 3*o + 8217 = 4*c. Is c a prime number?
False
Let i be (-3*(-1)/6)/((-6)/120). Let p be 6/(-4)*(0 - i). Let b(r) = -39*r + 28. Is b(p) prime?
True
Let r(m) be the first derivative of 95*m**2/2 + 71*m - 52. Is r(6) composite?
False
Is 160051 - 6/((-6)/(-12)*2) prime?
False
Let z = -52 - -54. Let j be (-1 - -12524 - z)/(-1). Let s = -8700 - j. Is s a prime number?
True
Let p be (540/25)/((-9)/(-6090)). Suppose 18*j - p = -774. Is j a prime number?
True
Let y be 237/(-33) - -4 - (-4)/22. Let q(t) = -t**3 - 2*t**2 + 2*t + 2. Let d be q(y). Suppose -295 = -b - 5*i, -b + 2*i = d*i - 295. Is b a prime number?
False
Is 1385595/21 + (-70)/(-245) prime?
True
Suppose 6*t = 11*t - 490. Let u = t - -65. Let s = -96 + u. Is s a composite number?
False
Let t be (-2)/(-10) + (-159984)/(-55). Is -3 + -3*10/(-15)*t prime?
False
Suppose -58*k + 174835 = -53*k. Is k composite?
True
Let q(u) = 243*u**2 - 42. Let n(i) = -i**2 - 6*i + 45. Let h be n(4). Is q(h) a prime number?
False
Suppose 0 = 7*q - 23*q + 4944. Let a = 754 - q. Is a a composite number?
True
Let l = 28428 - -182171. Is l prime?
True
Suppose 5*y = 2*y + 10023. Suppose 0 = 3*l - 1432 - y. Is l a composite number?
True
Let u(o) = 6*o**2 - 19*o - 15. Let k be u(14). Let f = k + 2532. Is f a composite number?
True
Suppose 7*h - 6 - 8 = 0. Suppose 14*q = 10*q + h*j + 7606, -5*j = 4*q - 7599. Is q a composite number?
False
Suppose -2*f - 101570 = -4*y, y - 4*f = 4*y - 76161. Is y composite?
False
Let c(v) = 4*v**3 + 16*v**2 + 16*v - 15. Let h = -78 + 92. Is c(h) a composite number?
False
Suppose -4*g + 3*d = 4